ppose 512 = -5*g + r*h - h, g + 112 = -4*h. Let y = 183 + g. Is y a prime number?
True
Let u(t) = 18*t**2 - 44*t - 13. Is u(-7) a composite number?
True
Suppose -l - 122 = -1033. Is l composite?
False
Suppose s + s - 4 = 0. Let w be 0/(-12)*s/4. Suppose -2*b - 976 = -4*m + 1744, 2*m - 4*b - 1366 = w. Is m a prime number?
False
Suppose 8*m - 3*m - 14 = -w, 4*m = -5*w + 7. Suppose 0 = -2*y - 4*u + 2172, m*y - 4334 = -y - 3*u. Is y a composite number?
True
Let f = -3432 - -6251. Is f prime?
True
Let k be (-1 - (-3)/(-6))*4. Suppose 73 = -m + 75. Is ((-1)/m)/(k/7692) a composite number?
False
Suppose 5*c + 15 = 0, -168*m = -171*m + 5*c + 11142. Is m a prime number?
True
Suppose -3*g - 1142 = -13745. Is g prime?
True
Let t = -17 + 3. Let z(i) = i**2 - 1. Let u(d) = 2*d**2 - 10*d. Let g(o) = u(o) - z(o). Is g(t) a composite number?
False
Let o(i) be the first derivative of 39*i**4 - i**3/3 + i**2/2 - i - 7. Is o(1) composite?
True
Let s(a) = 101*a**2 + 7*a - 11. Is s(-3) composite?
False
Is (-103)/(-412) + 267830/8 composite?
False
Let f(j) be the first derivative of 739*j**2 - 7*j - 15. Is f(1) a prime number?
True
Let c be ((-6)/(-2))/((-6)/(-42)). Suppose 2*d = -17 - c. Let g = d + 56. Is g prime?
True
Suppose 5*r + 2*n - 350 = 0, -3*n = -5*r - 0*n + 375. Let c be (r/20)/((-3)/(-340)). Is (-5)/(-2)*c/12 a prime number?
False
Is (130740/(-40))/(6/(-4)) composite?
False
Let b = 1683 - -2254. Is b prime?
False
Suppose 15*g - 273185 = -40*g. Is g prime?
True
Let h = -317 + 8236. Is h a prime number?
True
Suppose 198451 = 205*l - 194*l. Is l a composite number?
False
Let i = 9151 - 3636. Is i a composite number?
True
Let m = 545 + -161. Suppose -2*l = 12 - 118. Let h = m + l. Is h composite?
True
Let s be 3/(-27)*-29360 + (-4)/18. Suppose -698 = 4*o - s. Is o prime?
True
Suppose -4*m + 2*v + 24 = -v, 0 = -5*v - 20. Let p = m + -5. Let h(q) = -4*q**3 - 2*q**2 + q. Is h(p) composite?
True
Suppose -49*f + n - 27595 = -50*f, -4*n = 8. Is f a prime number?
False
Let p(c) be the second derivative of 187*c**5/60 + 5*c**4/24 - 5*c**3/6 + 3*c**2 - c. Let j(s) be the first derivative of p(s). Is j(3) composite?
False
Let x(c) = 4*c + 4. Let l be x(0). Suppose -8*k + 6*k - 5*w + 2194 = 0, 2*k + l*w = 2190. Is k a composite number?
False
Is (2/10)/(((-18)/(-264295))/18) a composite number?
False
Suppose 3*t - 14 = -20. Is (t + 514/6)/((-5)/(-15)) a composite number?
False
Suppose 5 = k - 3*r - 2, 0 = -5*k - 4*r + 16. Suppose -5*f - 32 = -b, -3*b + 4*f + 76 = 2*b. Is 2382/k*8/b prime?
True
Let z(m) = 12437*m**3 - m**2 + 2*m - 1. Is z(1) prime?
True
Let s(n) be the second derivative of -n**5/10 - 4*n**4/3 + n**3 - 11*n**2/2 + 6*n. Is s(-15) composite?
False
Let d(o) = o**2 - o + 1. Let t(v) = -2*v**2 + 7*v - 12. Let y(a) = 4*d(a) + t(a). Is y(11) a composite number?
True
Let p = 43163 + 18686. Is p a prime number?
False
Is -6 + -6 + 1699 + -2 a prime number?
False
Let g(i) = 5947*i**3 + 6*i**2 - 30*i + 51. Is g(2) a prime number?
True
Let b = -138 + 140. Is 10/6*2307 + b composite?
False
Let m = -4 + 7. Suppose d + m*h - 397 = -2*h, 4*d + 5*h - 1618 = 0. Is d prime?
False
Let a(n) = 8*n**2 + 3*n + 2. Let z be a(-1). Is (-77)/z*(1 - 6) prime?
False
Let o(s) = -145*s - 342. Is o(-7) composite?
False
Suppose -7*c + 4 = -3*c. Is 469*((-3)/(-3))/c composite?
True
Suppose -y + 2*f + 3129 = -1177, -5*y - 2*f + 21578 = 0. Suppose 0*u + y = 6*u. Is u composite?
False
Let a = -35 - -67. Let z = -28 + a. Suppose -z*m + 507 + 257 = 0. Is m prime?
True
Suppose 0 = -28*s + 23*s + 3425. Is s a composite number?
True
Let h(z) = z**3 + z**2 - z - 4367. Let j be h(0). Let s = j + 8422. Is s composite?
True
Suppose 0 = -3*v + n + 435, -2*v - 5*n - 67 + 357 = 0. Is v prime?
False
Suppose 0 = -5*y + 4*u + 175755, 86*y + 2*u = 83*y + 105453. Is y composite?
True
Let d = -21701 + 34180. Is d a composite number?
False
Let h = -151 - -338. Is h a composite number?
True
Suppose 5*o = o + 4, -2*o - 13 = -5*b. Suppose 767 = -2*p + b*g + 2317, -1522 = -2*p - 4*g. Is p a prime number?
True
Let d(k) = k**3 + 31*k**2 + 10*k - 67. Is d(-27) composite?
False
Suppose -1557 = -6*v + 3903. Suppose 5*k - v = 13255. Is k a composite number?
False
Suppose -3*g - 181 = -4*p, -2*g - 99 = -2*p - 7. Let l = p - -16. Is l a prime number?
True
Let j(y) = 13*y**2 - 8*y + 39. Let t = -89 + 99. Is j(t) composite?
False
Is (-1)/(-6) - 70518/(-36) a prime number?
False
Let t(m) = -m**3 + 8*m**2 - 3*m - 9. Let p(z) = -z**3 + 8*z**2 - 5*z - 10. Let x be p(7). Is t(x) prime?
True
Let j be ((-4)/2)/(-6) + (-80)/(-30). Suppose 875 = j*d - q + 3*q, 5*q + 320 = d. Is d a composite number?
True
Suppose 5*p - 2*p = -l + 45899, 0 = -2*p - 3*l + 30604. Is p a prime number?
True
Suppose -5*d - 10 = -3*a, 0*a + 2*a + 4 = -2*d. Is (-907)/(-1 - (2 + d)) composite?
False
Suppose 0 = 14*g - 14148 - 13138. Is g a composite number?
False
Suppose 2*r - 26 = -3*n - 4, 4*r - 28 = -2*n. Suppose -g + r = -6*g. Is 1339/4 - g/4 prime?
False
Suppose 5*h = -16 + 56. Suppose 0 = 3*k + k - h. Suppose -q + 64 = -o, 0*q + 217 = 3*q + k*o. Is q a prime number?
False
Suppose 4*w - 2012 = f, -3*w + 4*w - 514 = 3*f. Suppose s + w = 2*t - s, -s + 1231 = 5*t. Is t a composite number?
True
Is 2/23 + (833136/184 - -7) composite?
True
Suppose -119 = 2*s + 727. Let z = 244 - s. Is z a prime number?
False
Let q = -36 - -39. Let i(c) = 175*c - 4. Is i(q) a composite number?
False
Let o(v) = 9*v**3 - v**2 - 9*v + 6. Is o(5) prime?
True
Suppose -2*c = -4*z + 43008, 5*z - 53759 = c + 2*c. Is z prime?
True
Suppose -m = -2 - 0. Suppose -8*j - 11 = -51. Suppose -5*i + 52 = z - 81, -m*z + j*i = -236. Is z prime?
False
Let w(x) be the first derivative of -9/2*x**4 + 7*x + 1/3*x**3 - 6 + 5/2*x**2. Is w(-3) prime?
True
Suppose 2*n - 684 = -0*n. Let y = 49 + 162. Let p = n - y. Is p a composite number?
False
Let v(h) = 3*h**2 - 29*h - 52. Suppose 105 = 6*o - o. Is v(o) a composite number?
True
Suppose 2*b - 3*g - 2*g + 1 = 0, 2*b = -3*g + 23. Suppose 1450 - 23052 = -b*u. Is u a composite number?
True
Is 4/(-3)*228264/(-32) composite?
False
Let o = -77 + 45. Let x be (2/(-4))/(4/o). Suppose -y + 1655 = x*y. Is y prime?
True
Suppose 11*l - 198 = 2*l. Is (2 - -155)/(2/l) composite?
True
Let k = 9167 - 6330. Is k a composite number?
False
Suppose -3*s + 8*s = -10. Is s/(1255/(-1253) + 1) composite?
True
Let n(t) = 1080*t + 231. Is n(17) prime?
False
Suppose -45 = 2*v + 3*v + 5*l, -4*l - 16 = 2*v. Suppose n - z - 1 = -5, 0 = 5*n + 12*z - 31. Is n*17*70/v a prime number?
False
Suppose -s - 1860 = -4*s. Suppose -5155 = 2*t - 7*t. Let y = t - s. Is y prime?
False
Is -3 + ((-8179)/(-5) - 5/(-25)) a composite number?
True
Suppose 4*h - 5 = 7, -g + 2431 = -2*h. Is g composite?
False
Suppose -1335 = -v - 2*v. Is v a composite number?
True
Suppose -3*d + 2*t = 14, 5*t + 24 = -2*d + 2. Let h(j) = -2*j**3 + 2*j**2 + 3*j + 1. Is h(d) composite?
False
Let a be (3 - 8/4)*13. Suppose x + x + 5*m + 5 = 0, m = 2*x - a. Let h(o) = 30*o + 7. Is h(x) composite?
False
Let x be 2/1 + (-4)/2. Suppose -2*z - z = x. Suppose z = 2*n - 58 - 48. Is n a prime number?
True
Suppose i - 9*y + 10*y - 56422 = 0, -15 = -3*y. Is i a composite number?
False
Suppose 0*m - 4*m = 0. Suppose -4*b + x + 17 = 0, m = -3*b - 5*x + 1 - 17. Suppose 3*r = b*g - 177 + 597, 3*g - 740 = -5*r. Is r a composite number?
True
Let g(k) = -k**2 - 8*k - 7. Let h be g(-5). Is 77*h - 3/(3/3) prime?
True
Let r = -4010 + 34981. Is r a prime number?
True
Suppose -13*v + 195 - 78 = 0. Suppose -v*x = -4742 - 3547. Is x prime?
False
Suppose 8*f + 65381 = 196669. Is f composite?
False
Let z(p) = p**2 - p + 363. Let o be z(0). Suppose 4*d = d + 1716. Let v = d - o. Is v composite?
True
Let f(h) = h**3 - 4*h**2 + 2*h - 6. Let u be f(4). Let t = u + 2. Suppose 0 = 2*a + 4, 4*x + t*a = 250 + 1154. Is x composite?
False
Suppose 4*c - 10*x + 8*x - 92562 = 0, -c - 5*x = -23168. Is c composite?
False
Suppose -9*w + 17*w = 18296. Is w a composite number?
False
Let k = 9572 + -5181. Is k a prime number?
True
Suppose -k - 17 = -2*p, -k = -0*p - p + 11. Suppose -4*r + p*r = 106. Is r a prime number?
True
Let y be 5/4 + 4 + (-1525)/20. Let a be -2 - (1 - (0 + 327)). Let u = a + y. Is u a prime number?
False
Let s(z) = z**2 - 12*z + 9. Let m be s(